{"id":7516,"date":"2023-12-06T14:30:44","date_gmt":"2023-12-06T13:30:44","guid":{"rendered":"http:\/\/sabine-cuny-psychologue.fr\/?page_id=7516"},"modified":"2023-12-08T08:19:33","modified_gmt":"2023-12-08T07:19:33","slug":"a-quel-moment-consulter","status":"publish","type":"page","link":"https:\/\/sabine-cuny-psychologue.fr\/index.php\/a-quel-moment-consulter\/","title":{"rendered":"A quel moment consulter ?"},"content":{"rendered":"\t\t<div data-elementor-type=\"wp-page\" data-elementor-id=\"7516\" class=\"elementor elementor-7516\">\n\t\t\t\t\t\t\t\t\t<section class=\"elementor-section elementor-top-section elementor-element elementor-element-0c57c24 elementor-section-stretched elementor-section-boxed elementor-section-height-default elementor-section-height-default\" data-id=\"0c57c24\" data-element_type=\"section\" data-settings=\"{&quot;stretch_section&quot;:&quot;section-stretched&quot;}\">\n\t\t\t\t\t\t<div class=\"elementor-container elementor-column-gap-default\">\n\t\t\t\t\t<div class=\"elementor-column elementor-col-100 elementor-top-column elementor-element elementor-element-fa4a7ba\" data-id=\"fa4a7ba\" data-element_type=\"column\">\n\t\t\t<div class=\"elementor-widget-wrap elementor-element-populated\">\n\t\t\t\t\t\t\t\t<div class=\"elementor-element elementor-element-ad4b7da elementor-widget elementor-widget-text-editor\" data-id=\"ad4b7da\" data-element_type=\"widget\" data-widget_type=\"text-editor.default\">\n\t\t\t\t<div class=\"elementor-widget-container\">\n\t\t\t<style>\/*! elementor - v3.7.8 - 02-10-2022 *\/\n.elementor-widget-text-editor.elementor-drop-cap-view-stacked .elementor-drop-cap{background-color:#818a91;color:#fff}.elementor-widget-text-editor.elementor-drop-cap-view-framed .elementor-drop-cap{color:#818a91;border:3px solid;background-color:transparent}.elementor-widget-text-editor:not(.elementor-drop-cap-view-default) .elementor-drop-cap{margin-top:8px}.elementor-widget-text-editor:not(.elementor-drop-cap-view-default) .elementor-drop-cap-letter{width:1em;height:1em}.elementor-widget-text-editor .elementor-drop-cap{float:left;text-align:center;line-height:1;font-size:50px}.elementor-widget-text-editor .elementor-drop-cap-letter{display:inline-block}<\/style>\t\t\t\t<p><strong>La d\u00e9cision de consulter un professionnel de la sant\u00e9 mentale est personnelle, mais il existe des signes et des situations qui peuvent indiquer qu&#8217;il est peut-\u00eatre temps de rechercher un soutien psychologique.<\/strong><\/p>\t\t\t\t\t\t<\/div>\n\t\t\t\t<\/div>\n\t\t\t\t<div class=\"elementor-element elementor-element-a8e7167 elementor-widget elementor-widget-heading\" data-id=\"a8e7167\" data-element_type=\"widget\" data-widget_type=\"heading.default\">\n\t\t\t\t<div class=\"elementor-widget-container\">\n\t\t\t<style>\/*! elementor - v3.7.8 - 02-10-2022 *\/\n.elementor-heading-title{padding:0;margin:0;line-height:1}.elementor-widget-heading .elementor-heading-title[class*=elementor-size-]>a{color:inherit;font-size:inherit;line-height:inherit}.elementor-widget-heading .elementor-heading-title.elementor-size-small{font-size:15px}.elementor-widget-heading .elementor-heading-title.elementor-size-medium{font-size:19px}.elementor-widget-heading .elementor-heading-title.elementor-size-large{font-size:29px}.elementor-widget-heading .elementor-heading-title.elementor-size-xl{font-size:39px}.elementor-widget-heading .elementor-heading-title.elementor-size-xxl{font-size:59px}<\/style><h2 class=\"elementor-heading-title elementor-size-default\">A quel(s) moment(s) consulter votre psychologue ?<\/h2>\t\t<\/div>\n\t\t\t\t<\/div>\n\t\t\t\t<section class=\"elementor-section elementor-inner-section elementor-element elementor-element-25b724d elementor-section-boxed elementor-section-height-default elementor-section-height-default\" data-id=\"25b724d\" data-element_type=\"section\">\n\t\t\t\t\t\t<div class=\"elementor-container elementor-column-gap-default\">\n\t\t\t\t\t<div class=\"elementor-column elementor-col-50 elementor-inner-column elementor-element elementor-element-7a707f7\" data-id=\"7a707f7\" data-element_type=\"column\">\n\t\t\t<div class=\"elementor-widget-wrap elementor-element-populated\">\n\t\t\t\t\t\t\t\t<div class=\"elementor-element elementor-element-47116a4 elementor-widget elementor-widget-heading\" data-id=\"47116a4\" data-element_type=\"widget\" data-widget_type=\"heading.default\">\n\t\t\t\t<div class=\"elementor-widget-container\">\n\t\t\t<h4 class=\"elementor-heading-title elementor-size-default\">En p\u00e9riode de changement ou de transition<\/h4>\t\t<\/div>\n\t\t\t\t<\/div>\n\t\t\t\t<div class=\"elementor-element elementor-element-0c63303 elementor-widget elementor-widget-text-editor\" data-id=\"0c63303\" data-element_type=\"widget\" data-widget_type=\"text-editor.default\">\n\t\t\t\t<div class=\"elementor-widget-container\">\n\t\t\t\t\t\t\t<p>Les p\u00e9riodes de changement, qu&#8217;elles soient professionnelles, familiales, ou personnelles, peuvent \u00eatre porteuses de d\u00e9fis \u00e9motionnels. Si vous traversez une transition importante, <a href=\"https:\/\/sabine-cuny-psychologue.fr\/index.php\/presentation\/\">Sabine Cuny<\/a> peut vous vous apporter son recul et ses outils pour vous aider \u00e0 transformer ces changements en opportunit\u00e9s.<\/p>\t\t\t\t\t\t<\/div>\n\t\t\t\t<\/div>\n\t\t\t\t\t<\/div>\n\t\t<\/div>\n\t\t\t\t<div class=\"elementor-column elementor-col-50 elementor-inner-column elementor-element elementor-element-b2b54b0\" data-id=\"b2b54b0\" data-element_type=\"column\">\n\t\t\t<div class=\"elementor-widget-wrap elementor-element-populated\">\n\t\t\t\t\t\t\t\t<div class=\"elementor-element elementor-element-2836dc7 elementor-widget elementor-widget-image\" data-id=\"2836dc7\" data-element_type=\"widget\" data-widget_type=\"image.default\">\n\t\t\t\t<div class=\"elementor-widget-container\">\n\t\t\t<style>\/*! elementor - v3.7.8 - 02-10-2022 *\/\n.elementor-widget-image{text-align:center}.elementor-widget-image a{display:inline-block}.elementor-widget-image a img[src$=\".svg\"]{width:48px}.elementor-widget-image img{vertical-align:middle;display:inline-block}<\/style>\t\t\t\t\t\t\t\t\t\t\t\t<img loading=\"lazy\" decoding=\"async\" width=\"502\" height=\"335\" src=\"https:\/\/sabine-cuny-psychologue.fr\/wp-content\/uploads\/2023\/12\/Changement.jpg\" class=\"attachment-large size-large\" alt=\"Changement professionnel, d\u00e9m\u00e9nagement...\" srcset=\"https:\/\/sabine-cuny-psychologue.fr\/wp-content\/uploads\/2023\/12\/Changement.jpg 502w, https:\/\/sabine-cuny-psychologue.fr\/wp-content\/uploads\/2023\/12\/Changement-300x200.jpg 300w\" sizes=\"auto, (max-width: 502px) 100vw, 502px\" \/>\t\t\t\t\t\t\t\t\t\t\t\t\t\t\t<\/div>\n\t\t\t\t<\/div>\n\t\t\t\t\t<\/div>\n\t\t<\/div>\n\t\t\t\t\t\t\t<\/div>\n\t\t<\/section>\n\t\t\t\t<div class=\"elementor-element elementor-element-be9dddf elementor-widget elementor-widget-spacer\" data-id=\"be9dddf\" data-element_type=\"widget\" data-widget_type=\"spacer.default\">\n\t\t\t\t<div class=\"elementor-widget-container\">\n\t\t\t<style>\/*! elementor - v3.7.8 - 02-10-2022 *\/\n.elementor-column .elementor-spacer-inner{height:var(--spacer-size)}.e-container{--container-widget-width:100%}.e-container>.elementor-widget-spacer{width:var(--container-widget-width,var(--spacer-size));-ms-flex-item-align:stretch;align-self:stretch;-ms-flex-negative:0;flex-shrink:0}.e-container>.elementor-widget-spacer>.elementor-widget-container,.e-container>.elementor-widget-spacer>.elementor-widget-container>.elementor-spacer{height:100%}.e-container>.elementor-widget-spacer>.elementor-widget-container>.elementor-spacer>.elementor-spacer-inner{height:var(--container-widget-height,var(--spacer-size))}<\/style>\t\t<div class=\"elementor-spacer\">\n\t\t\t<div class=\"elementor-spacer-inner\"><\/div>\n\t\t<\/div>\n\t\t\t\t<\/div>\n\t\t\t\t<\/div>\n\t\t\t\t<section class=\"elementor-section elementor-inner-section elementor-element elementor-element-cf88b36 elementor-section-boxed elementor-section-height-default elementor-section-height-default\" data-id=\"cf88b36\" data-element_type=\"section\">\n\t\t\t\t\t\t<div class=\"elementor-container elementor-column-gap-default\">\n\t\t\t\t\t<div class=\"elementor-column elementor-col-50 elementor-inner-column elementor-element elementor-element-3f58914\" data-id=\"3f58914\" data-element_type=\"column\">\n\t\t\t<div class=\"elementor-widget-wrap elementor-element-populated\">\n\t\t\t\t\t\t\t\t<div class=\"elementor-element elementor-element-c6d4173 elementor-widget elementor-widget-image\" data-id=\"c6d4173\" data-element_type=\"widget\" data-widget_type=\"image.default\">\n\t\t\t\t<div class=\"elementor-widget-container\">\n\t\t\t\t\t\t\t\t\t\t\t\t\t\t\t<img loading=\"lazy\" decoding=\"async\" width=\"640\" height=\"427\" src=\"https:\/\/sabine-cuny-psychologue.fr\/wp-content\/uploads\/2023\/12\/Difficultes-relationnelles.jpg\" class=\"attachment-large size-large\" alt=\"\" srcset=\"https:\/\/sabine-cuny-psychologue.fr\/wp-content\/uploads\/2023\/12\/Difficultes-relationnelles.jpg 702w, https:\/\/sabine-cuny-psychologue.fr\/wp-content\/uploads\/2023\/12\/Difficultes-relationnelles-300x200.jpg 300w, https:\/\/sabine-cuny-psychologue.fr\/wp-content\/uploads\/2023\/12\/Difficultes-relationnelles-600x400.jpg 600w\" sizes=\"auto, (max-width: 640px) 100vw, 640px\" \/>\t\t\t\t\t\t\t\t\t\t\t\t\t\t\t<\/div>\n\t\t\t\t<\/div>\n\t\t\t\t\t<\/div>\n\t\t<\/div>\n\t\t\t\t<div class=\"elementor-column elementor-col-50 elementor-inner-column elementor-element elementor-element-2d0d57b\" data-id=\"2d0d57b\" data-element_type=\"column\">\n\t\t\t<div class=\"elementor-widget-wrap elementor-element-populated\">\n\t\t\t\t\t\t\t\t<div class=\"elementor-element elementor-element-207a218 elementor-widget elementor-widget-heading\" data-id=\"207a218\" data-element_type=\"widget\" data-widget_type=\"heading.default\">\n\t\t\t\t<div class=\"elementor-widget-container\">\n\t\t\t<h4 class=\"elementor-heading-title elementor-size-default\">Face \u00e0 des difficult\u00e9s relationnelles<\/h4>\t\t<\/div>\n\t\t\t\t<\/div>\n\t\t\t\t<div class=\"elementor-element elementor-element-ba764d6 elementor-widget elementor-widget-text-editor\" data-id=\"ba764d6\" data-element_type=\"widget\" data-widget_type=\"text-editor.default\">\n\t\t\t\t<div class=\"elementor-widget-container\">\n\t\t\t\t\t\t\t<p><a href=\"https:\/\/sexologue-psychologue.be\/psychotherapie\/difficultes-relationnelles\/#:~:text=Les%20difficult\u00e9s%20relationnelles%20d%27un,perturbations%20digestives%20et%20des%20insomnies.\" target=\"_blank\" rel=\"noopener\">Les conflits relationnels<\/a> peuvent avoir un impact significatif sur le bien-\u00eatre \u00e9motionnel. Si vous \u00e9prouvez des difficult\u00e9s relationnelles avec votre partenaire, votre famille, ou vos amis, les consultations avec une psychologue peuvent vous aider \u00e0 explorer et r\u00e9soudre ces probl\u00e8mes.<\/p>\t\t\t\t\t\t<\/div>\n\t\t\t\t<\/div>\n\t\t\t\t<div class=\"elementor-element elementor-element-0aefdcd elementor-widget elementor-widget-spacer\" data-id=\"0aefdcd\" data-element_type=\"widget\" data-widget_type=\"spacer.default\">\n\t\t\t\t<div class=\"elementor-widget-container\">\n\t\t\t\t\t<div class=\"elementor-spacer\">\n\t\t\t<div class=\"elementor-spacer-inner\"><\/div>\n\t\t<\/div>\n\t\t\t\t<\/div>\n\t\t\t\t<\/div>\n\t\t\t\t<div class=\"elementor-element elementor-element-248fdac elementor-widget elementor-widget-heading\" data-id=\"248fdac\" data-element_type=\"widget\" data-widget_type=\"heading.default\">\n\t\t\t\t<div class=\"elementor-widget-container\">\n\t\t\t<h4 class=\"elementor-heading-title elementor-size-default\">Lors de changements d'humeur persistants<\/h4>\t\t<\/div>\n\t\t\t\t<\/div>\n\t\t\t\t<div class=\"elementor-element elementor-element-1803cac elementor-widget elementor-widget-text-editor\" data-id=\"1803cac\" data-element_type=\"widget\" data-widget_type=\"text-editor.default\">\n\t\t\t\t<div class=\"elementor-widget-container\">\n\t\t\t\t\t\t\t<p>Si vous remarquez des <a href=\"https:\/\/www.medecindirect.fr\/maladies\/quels-sont-les-troubles-de-lhumeur-causes-symptomes-consequences\" target=\"_blank\" rel=\"noopener\">changements d&#8217;humeur persistants<\/a> tels que l&#8217;irritabilit\u00e9, la tristesse, l&#8217;anxi\u00e9t\u00e9, ou tout autre sentiment envahissant, il peut \u00eatre b\u00e9n\u00e9fique de consulter un psychologue. Ces sympt\u00f4mes peuvent \u00eatre les signaux d&#8217;une d\u00e9tresse \u00e9motionnelle sous-jacente.<\/p>\t\t\t\t\t\t<\/div>\n\t\t\t\t<\/div>\n\t\t\t\t\t<\/div>\n\t\t<\/div>\n\t\t\t\t\t\t\t<\/div>\n\t\t<\/section>\n\t\t\t\t<div class=\"elementor-element elementor-element-ff699a7 elementor-widget elementor-widget-spacer\" data-id=\"ff699a7\" data-element_type=\"widget\" data-widget_type=\"spacer.default\">\n\t\t\t\t<div class=\"elementor-widget-container\">\n\t\t\t\t\t<div class=\"elementor-spacer\">\n\t\t\t<div class=\"elementor-spacer-inner\"><\/div>\n\t\t<\/div>\n\t\t\t\t<\/div>\n\t\t\t\t<\/div>\n\t\t\t\t<section class=\"elementor-section elementor-inner-section elementor-element elementor-element-5baa88c elementor-section-boxed elementor-section-height-default elementor-section-height-default\" data-id=\"5baa88c\" data-element_type=\"section\">\n\t\t\t\t\t\t<div class=\"elementor-container elementor-column-gap-default\">\n\t\t\t\t\t<div class=\"elementor-column elementor-col-50 elementor-inner-column elementor-element elementor-element-4cd87a6\" data-id=\"4cd87a6\" data-element_type=\"column\">\n\t\t\t<div class=\"elementor-widget-wrap elementor-element-populated\">\n\t\t\t\t\t\t\t\t<div class=\"elementor-element elementor-element-fd3ae7d elementor-widget elementor-widget-heading\" data-id=\"fd3ae7d\" data-element_type=\"widget\" data-widget_type=\"heading.default\">\n\t\t\t\t<div class=\"elementor-widget-container\">\n\t\t\t<h4 class=\"elementor-heading-title elementor-size-default\">Pendant des \u00e9v\u00e9nements traumatiques<\/h4>\t\t<\/div>\n\t\t\t\t<\/div>\n\t\t\t\t<div class=\"elementor-element elementor-element-bd21de1 elementor-widget elementor-widget-text-editor\" data-id=\"bd21de1\" data-element_type=\"widget\" data-widget_type=\"text-editor.default\">\n\t\t\t\t<div class=\"elementor-widget-container\">\n\t\t\t\t\t\t\t<p><a href=\"https:\/\/www.css.ch\/fr\/clients-prives\/ma-sante\/sante-psychique\/stress\/therapie-traumatismes.html#:~:text=Conseils%20pour%20surmonter%20un%20traumatisme&amp;text=Une%20alimentation%20saine%2C%20une%20activit\u00e9,faire%20face%20\u00e0%20ses%20\u00e9motions.\" target=\"_blank\" rel=\"noopener\">Les \u00e9v\u00e9nements traumatiques<\/a> peuvent laisser des cicatrices \u00e9motionnelles durables. Si vous avez v\u00e9cu un \u00e9v\u00e9nement traumatique ou si vous ressentez des sympt\u00f4mes de stress post-traumatique, Sabine Cuny peut vous aider \u00e0 travailler sur la gu\u00e9rison et la r\u00e9silience.<\/p>\t\t\t\t\t\t<\/div>\n\t\t\t\t<\/div>\n\t\t\t\t<div class=\"elementor-element elementor-element-a69b083 elementor-widget elementor-widget-heading\" data-id=\"a69b083\" data-element_type=\"widget\" data-widget_type=\"heading.default\">\n\t\t\t\t<div class=\"elementor-widget-container\">\n\t\t\t<h4 class=\"elementor-heading-title elementor-size-default\">En cas de difficult\u00e9s professionnelles ou scolaires<\/h4>\t\t<\/div>\n\t\t\t\t<\/div>\n\t\t\t\t<div class=\"elementor-element elementor-element-6c8df3f elementor-widget elementor-widget-text-editor\" data-id=\"6c8df3f\" data-element_type=\"widget\" data-widget_type=\"text-editor.default\">\n\t\t\t\t<div class=\"elementor-widget-container\">\n\t\t\t\t\t\t\t<p>Les d\u00e9fis professionnels ou scolaires peuvent g\u00e9n\u00e9rer du stress et de l&#8217;anxi\u00e9t\u00e9. Si vous rencontrez des difficult\u00e9s dans votre carri\u00e8re ou \u00e0 l&#8217;\u00e9cole, Sabine Cuny peut vous fournir des outils pour surmonter ces obstacles et atteindre vos objectifs.<\/p>\t\t\t\t\t\t<\/div>\n\t\t\t\t<\/div>\n\t\t\t\t<div class=\"elementor-element elementor-element-8a16345 elementor-widget elementor-widget-heading\" data-id=\"8a16345\" data-element_type=\"widget\" data-widget_type=\"heading.default\">\n\t\t\t\t<div class=\"elementor-widget-container\">\n\t\t\t<h4 class=\"elementor-heading-title elementor-size-default\">Lorsque vous ressentez un besoin de changement personnel<\/h4>\t\t<\/div>\n\t\t\t\t<\/div>\n\t\t\t\t<div class=\"elementor-element elementor-element-f3f5338 elementor-widget elementor-widget-text-editor\" data-id=\"f3f5338\" data-element_type=\"widget\" data-widget_type=\"text-editor.default\">\n\t\t\t\t<div class=\"elementor-widget-container\">\n\t\t\t\t\t\t\t<p>Parfois, le simple <a href=\"https:\/\/www.doctissimo.fr\/html\/psychologie\/dossiers\/developpement-personnel\/14675-desir-changement-fuite-ou-epanouissement.htm\" target=\"_blank\" rel=\"noopener\">d\u00e9sir d&#8217;un changement personnel<\/a> peut \u00eatre le catalyseur pour consulter un psychologue. Sabine Cuny peut collaborer avec vous pour d\u00e9finir des objectifs personnels, identifier des domaines de croissance, et vous guider vers une vie plus \u00e9panouissante.<\/p>\t\t\t\t\t\t<\/div>\n\t\t\t\t<\/div>\n\t\t\t\t\t<\/div>\n\t\t<\/div>\n\t\t\t\t<div class=\"elementor-column elementor-col-50 elementor-inner-column elementor-element elementor-element-73371c6\" data-id=\"73371c6\" data-element_type=\"column\">\n\t\t\t<div class=\"elementor-widget-wrap elementor-element-populated\">\n\t\t\t\t\t\t\t\t<div class=\"elementor-element elementor-element-b2e4511 elementor-widget elementor-widget-spacer\" data-id=\"b2e4511\" data-element_type=\"widget\" data-widget_type=\"spacer.default\">\n\t\t\t\t<div class=\"elementor-widget-container\">\n\t\t\t\t\t<div class=\"elementor-spacer\">\n\t\t\t<div class=\"elementor-spacer-inner\"><\/div>\n\t\t<\/div>\n\t\t\t\t<\/div>\n\t\t\t\t<\/div>\n\t\t\t\t<div class=\"elementor-element elementor-element-c405821 elementor-widget elementor-widget-image\" data-id=\"c405821\" data-element_type=\"widget\" data-widget_type=\"image.default\">\n\t\t\t\t<div class=\"elementor-widget-container\">\n\t\t\t\t\t\t\t\t\t\t\t\t\t\t\t<img loading=\"lazy\" decoding=\"async\" width=\"640\" height=\"427\" src=\"https:\/\/sabine-cuny-psychologue.fr\/wp-content\/uploads\/2023\/12\/Difficultes-professionnelles.jpg\" class=\"attachment-large size-large\" alt=\"\" srcset=\"https:\/\/sabine-cuny-psychologue.fr\/wp-content\/uploads\/2023\/12\/Difficultes-professionnelles.jpg 702w, https:\/\/sabine-cuny-psychologue.fr\/wp-content\/uploads\/2023\/12\/Difficultes-professionnelles-300x200.jpg 300w, https:\/\/sabine-cuny-psychologue.fr\/wp-content\/uploads\/2023\/12\/Difficultes-professionnelles-600x400.jpg 600w\" sizes=\"auto, (max-width: 640px) 100vw, 640px\" \/>\t\t\t\t\t\t\t\t\t\t\t\t\t\t\t<\/div>\n\t\t\t\t<\/div>\n\t\t\t\t\t<\/div>\n\t\t<\/div>\n\t\t\t\t\t\t\t<\/div>\n\t\t<\/section>\n\t\t\t\t<div class=\"elementor-element elementor-element-6ff93d3 elementor-widget elementor-widget-spacer\" data-id=\"6ff93d3\" data-element_type=\"widget\" data-widget_type=\"spacer.default\">\n\t\t\t\t<div class=\"elementor-widget-container\">\n\t\t\t\t\t<div class=\"elementor-spacer\">\n\t\t\t<div class=\"elementor-spacer-inner\"><\/div>\n\t\t<\/div>\n\t\t\t\t<\/div>\n\t\t\t\t<\/div>\n\t\t\t\t<div class=\"elementor-element elementor-element-b88bfcb elementor-widget elementor-widget-heading\" data-id=\"b88bfcb\" data-element_type=\"widget\" data-widget_type=\"heading.default\">\n\t\t\t\t<div class=\"elementor-widget-container\">\n\t\t\t<h2 class=\"elementor-heading-title elementor-size-default\">Votre bien-\u00eatre mental m\u00e9rite une attention continue<\/h2>\t\t<\/div>\n\t\t\t\t<\/div>\n\t\t\t\t<div class=\"elementor-element elementor-element-e0f6a18 elementor-widget elementor-widget-text-editor\" data-id=\"e0f6a18\" data-element_type=\"widget\" data-widget_type=\"text-editor.default\">\n\t\t\t\t<div class=\"elementor-widget-container\">\n\t\t\t\t\t\t\t<p>La d\u00e9cision de consulter un psychologue est une \u00e9tape importante pour prendre en main votre bien-\u00eatre mental et \u00e9motionnel. Si vous vous retrouvez dans l&#8217;une des situations \u00e9voqu\u00e9es ci-dessus, ou si vous ressentez simplement le besoin d&#8217;un espace pour vous exprimer, n&#8217;h\u00e9sitez pas \u00e0 <a href=\"https:\/\/sabine-cuny-psychologue.fr\/index.php\/contact\/\">contacter Sabine Cuny<\/a>.<\/p><p>Elle se tient \u00e0 votre disposition pour vous accompagner dans chaque \u00e9tape de votre parcours.<\/p>\t\t\t\t\t\t<\/div>\n\t\t\t\t<\/div>\n\t\t\t\t\t<\/div>\n\t\t<\/div>\n\t\t\t\t\t\t\t<\/div>\n\t\t<\/section>\n\t\t\t\t\t\t\t<\/div>\n\t\t","protected":false},"excerpt":{"rendered":"<p>La d\u00e9cision de consulter un professionnel de la sant\u00e9 mentale est personnelle, mais il existe des signes et des situations qui peuvent indiquer qu&#8217;il est peut-\u00eatre temps de rechercher un soutien psychologique.<br \/>\n\/*! elementor &#8211; v3.7.8 &#8211; 02-10-2022 *\/<br \/>\n.elementor-heading-title{padding:0;margin:0;line-height:1}.elementor-widget-heading <\/p>\n","protected":false},"author":2,"featured_media":0,"parent":0,"menu_order":0,"comment_status":"closed","ping_status":"closed","template":"","meta":{"om_disable_all_campaigns":false,"pmpro_default_level":0,"_monsterinsights_skip_tracking":false,"_monsterinsights_sitenote_active":false,"_monsterinsights_sitenote_note":"","_monsterinsights_sitenote_category":0,"_uf_show_specific_survey":0,"_uf_disable_surveys":false,"footnotes":""},"class_list":["post-7516","page","type-page","status-publish","hentry","pmpro-has-access"],"aioseo_notices":[],"_links":{"self":[{"href":"https:\/\/sabine-cuny-psychologue.fr\/index.php\/wp-json\/wp\/v2\/pages\/7516","targetHints":{"allow":["GET"]}}],"collection":[{"href":"https:\/\/sabine-cuny-psychologue.fr\/index.php\/wp-json\/wp\/v2\/pages"}],"about":[{"href":"https:\/\/sabine-cuny-psychologue.fr\/index.php\/wp-json\/wp\/v2\/types\/page"}],"author":[{"embeddable":true,"href":"https:\/\/sabine-cuny-psychologue.fr\/index.php\/wp-json\/wp\/v2\/users\/2"}],"replies":[{"embeddable":true,"href":"https:\/\/sabine-cuny-psychologue.fr\/index.php\/wp-json\/wp\/v2\/comments?post=7516"}],"version-history":[{"count":19,"href":"https:\/\/sabine-cuny-psychologue.fr\/index.php\/wp-json\/wp\/v2\/pages\/7516\/revisions"}],"predecessor-version":[{"id":7625,"href":"https:\/\/sabine-cuny-psychologue.fr\/index.php\/wp-json\/wp\/v2\/pages\/7516\/revisions\/7625"}],"wp:attachment":[{"href":"https:\/\/sabine-cuny-psychologue.fr\/index.php\/wp-json\/wp\/v2\/media?parent=7516"}],"curies":[{"name":"wp","href":"https:\/\/api.w.org\/{rel}","templated":true}]}}